{"id":1156,"date":"2023-10-13T13:58:58","date_gmt":"2023-10-13T11:58:58","guid":{"rendered":"https:\/\/cycle-family.com\/?page_id=1156"},"modified":"2023-10-16T15:37:26","modified_gmt":"2023-10-16T13:37:26","slug":"politique-de-confidentialite-2","status":"publish","type":"page","link":"https:\/\/cycle-family.com\/index.php\/politique-de-confidentialite-2\/","title":{"rendered":"Politique de confidentialit\u00e9"},"content":{"rendered":"\t\t<div data-elementor-type=\"wp-page\" data-elementor-id=\"1156\" class=\"elementor elementor-1156\" data-elementor-post-type=\"page\">\n\t\t\t\t\t\t\t<div class=\"elementor-element elementor-element-1e6c1a09 e-flex e-con-boxed e-con e-parent\" data-id=\"1e6c1a09\" data-element_type=\"container\" data-settings=\"{&quot;content_width&quot;:&quot;boxed&quot;}\" data-core-v316-plus=\"true\">\n\t\t\t\t\t<div class=\"e-con-inner\">\n\t\t\t\t<div class=\"elementor-element elementor-element-1f6a6c2e elementor-widget elementor-widget-text-editor\" data-id=\"1f6a6c2e\" data-element_type=\"widget\" data-widget_type=\"text-editor.default\">\n\t\t\t\t<div class=\"elementor-widget-container\">\n\t\t\t<style>\/*! elementor - v3.16.0 - 09-10-2023 *\/\n.elementor-widget-text-editor.elementor-drop-cap-view-stacked .elementor-drop-cap{background-color:#69727d;color:#fff}.elementor-widget-text-editor.elementor-drop-cap-view-framed .elementor-drop-cap{color:#69727d;border:3px solid;background-color:transparent}.elementor-widget-text-editor:not(.elementor-drop-cap-view-default) .elementor-drop-cap{margin-top:8px}.elementor-widget-text-editor:not(.elementor-drop-cap-view-default) .elementor-drop-cap-letter{width:1em;height:1em}.elementor-widget-text-editor .elementor-drop-cap{float:left;text-align:center;line-height:1;font-size:50px}.elementor-widget-text-editor .elementor-drop-cap-letter{display:inline-block}<\/style>\t\t\t\t<!-- wp:divi\/placeholder \/-->\t\t\t\t\t\t<\/div>\n\t\t\t\t<\/div>\n\t\t\t\t\t<\/div>\n\t\t\t\t<\/div>\n\t\t<div class=\"elementor-element elementor-element-dae69ec e-flex e-con-boxed e-con e-parent\" data-id=\"dae69ec\" data-element_type=\"container\" data-settings=\"{&quot;background_background&quot;:&quot;classic&quot;,&quot;content_width&quot;:&quot;boxed&quot;}\" data-core-v316-plus=\"true\">\n\t\t\t\t\t<div class=\"e-con-inner\">\n\t\t\t\t<div class=\"elementor-element elementor-element-5eee823 elementor-widget elementor-widget-spacer\" data-id=\"5eee823\" data-element_type=\"widget\" data-widget_type=\"spacer.default\">\n\t\t\t\t<div class=\"elementor-widget-container\">\n\t\t\t<style>\/*! elementor - v3.16.0 - 09-10-2023 *\/\n.elementor-column .elementor-spacer-inner{height:var(--spacer-size)}.e-con{--container-widget-width:100%}.e-con-inner>.elementor-widget-spacer,.e-con>.elementor-widget-spacer{width:var(--container-widget-width,var(--spacer-size));--align-self:var(--container-widget-align-self,initial);--flex-shrink:0}.e-con-inner>.elementor-widget-spacer>.elementor-widget-container,.e-con>.elementor-widget-spacer>.elementor-widget-container{height:100%;width:100%}.e-con-inner>.elementor-widget-spacer>.elementor-widget-container>.elementor-spacer,.e-con>.elementor-widget-spacer>.elementor-widget-container>.elementor-spacer{height:100%}.e-con-inner>.elementor-widget-spacer>.elementor-widget-container>.elementor-spacer>.elementor-spacer-inner,.e-con>.elementor-widget-spacer>.elementor-widget-container>.elementor-spacer>.elementor-spacer-inner{height:var(--container-widget-height,var(--spacer-size))}.e-con-inner>.elementor-widget-spacer.elementor-widget-empty,.e-con>.elementor-widget-spacer.elementor-widget-empty{position:relative;min-height:22px;min-width:22px}.e-con-inner>.elementor-widget-spacer.elementor-widget-empty .elementor-widget-empty-icon,.e-con>.elementor-widget-spacer.elementor-widget-empty .elementor-widget-empty-icon{position:absolute;top:0;bottom:0;left:0;right:0;margin:auto;padding:0;width:22px;height:22px}<\/style>\t\t<div class=\"elementor-spacer\">\n\t\t\t<div class=\"elementor-spacer-inner\"><\/div>\n\t\t<\/div>\n\t\t\t\t<\/div>\n\t\t\t\t<\/div>\n\t\t\t\t<div class=\"elementor-element elementor-element-d385571 elementor-widget elementor-widget-heading\" data-id=\"d385571\" data-element_type=\"widget\" data-widget_type=\"heading.default\">\n\t\t\t\t<div class=\"elementor-widget-container\">\n\t\t\t<style>\/*! elementor - v3.16.0 - 09-10-2023 *\/\n.elementor-heading-title{padding:0;margin:0;line-height:1}.elementor-widget-heading .elementor-heading-title[class*=elementor-size-]>a{color:inherit;font-size:inherit;line-height:inherit}.elementor-widget-heading .elementor-heading-title.elementor-size-small{font-size:15px}.elementor-widget-heading .elementor-heading-title.elementor-size-medium{font-size:19px}.elementor-widget-heading .elementor-heading-title.elementor-size-large{font-size:29px}.elementor-widget-heading .elementor-heading-title.elementor-size-xl{font-size:39px}.elementor-widget-heading .elementor-heading-title.elementor-size-xxl{font-size:59px}<\/style><h2 class=\"elementor-heading-title elementor-size-default\">Politique de condidentialit\u00e9<\/h2>\t\t<\/div>\n\t\t\t\t<\/div>\n\t\t\t\t<div class=\"elementor-element elementor-element-cde59be elementor-widget elementor-widget-text-editor\" data-id=\"cde59be\" data-element_type=\"widget\" data-widget_type=\"text-editor.default\">\n\t\t\t\t<div class=\"elementor-widget-container\">\n\t\t\t\t\t\t\t<p style=\"background-color: #ffffff;\"><span style=\"font-size: 17px;\">Devant le d\u00e9veloppement des nouveaux outils de communication, il est n\u00e9cessaire de porter une attention particuli\u00e8re \u00e0 la protection de la vie priv\u00e9e.<\/span><\/p>\n<p style=\"padding-bottom: 1em; background-color: #ffffff;\"><span style=\"font-size: 17px;\">C\u2019est pourquoi, nous nous engageons \u00e0 respecter la confidentialit\u00e9 des renseignements personnels que nous collectons.<\/span><\/p>\n<div>\u00a0<\/div>\t\t\t\t\t\t<\/div>\n\t\t\t\t<\/div>\n\t\t\t\t<div class=\"elementor-element elementor-element-1eaa46a elementor-widget elementor-widget-spacer\" data-id=\"1eaa46a\" data-element_type=\"widget\" data-widget_type=\"spacer.default\">\n\t\t\t\t<div class=\"elementor-widget-container\">\n\t\t\t\t\t<div class=\"elementor-spacer\">\n\t\t\t<div class=\"elementor-spacer-inner\"><\/div>\n\t\t<\/div>\n\t\t\t\t<\/div>\n\t\t\t\t<\/div>\n\t\t\t\t<div class=\"elementor-element elementor-element-a0d0207 elementor-widget elementor-widget-heading\" data-id=\"a0d0207\" data-element_type=\"widget\" data-widget_type=\"heading.default\">\n\t\t\t\t<div class=\"elementor-widget-container\">\n\t\t\t<h2 class=\"elementor-heading-title elementor-size-default\">Collecte des renseignements personnels<\/h2>\t\t<\/div>\n\t\t\t\t<\/div>\n\t\t\t\t<div class=\"elementor-element elementor-element-c05e6b0 elementor-widget elementor-widget-text-editor\" data-id=\"c05e6b0\" data-element_type=\"widget\" data-widget_type=\"text-editor.default\">\n\t\t\t\t<div class=\"elementor-widget-container\">\n\t\t\t\t\t\t\t<p>Cycle-family.com utilise Google Analytics afin d\u2019am\u00e9liorer l\u2019ergonomie et de mesurer l\u2019audience du site web.<\/p><p><span style=\"font-size: 17px; color: var( --e-global-color-text );\">Dans le cadre de l\u2019utilisation de Google Analytics nous recueillons les donn\u00e9es suivantes :<\/span><\/p>\n<p>&#8211; votre adresse IP afin de r\u00e9duire la pr\u00e9cision des donn\u00e9es g\u00e9ographiques<\/p>\n<p>&#8211; le mod\u00e8le d\u2019appareil utilis\u00e9<\/p>\n<p>&#8211; le navigateur utilis\u00e9<\/p>\n<p>&#8211; les pages visit\u00e9es sur ce site web<\/p>\n<p><\/p>\n<p>Les renseignements personnels que nous collectons sont recueillis au travers de formulaires et gr\u00e2ce \u00e0 l\u2019interactivit\u00e9 \u00e9tablie entre vous et notre site Web.<\/p>\n<div>&nbsp;<\/div>\t\t\t\t\t\t<\/div>\n\t\t\t\t<\/div>\n\t\t\t\t<div class=\"elementor-element elementor-element-c2f1a95 elementor-widget elementor-widget-spacer\" data-id=\"c2f1a95\" data-element_type=\"widget\" data-widget_type=\"spacer.default\">\n\t\t\t\t<div class=\"elementor-widget-container\">\n\t\t\t\t\t<div class=\"elementor-spacer\">\n\t\t\t<div class=\"elementor-spacer-inner\"><\/div>\n\t\t<\/div>\n\t\t\t\t<\/div>\n\t\t\t\t<\/div>\n\t\t\t\t<div class=\"elementor-element elementor-element-0c7fb9a elementor-widget elementor-widget-heading\" data-id=\"0c7fb9a\" data-element_type=\"widget\" data-widget_type=\"heading.default\">\n\t\t\t\t<div class=\"elementor-widget-container\">\n\t\t\t<h2 class=\"elementor-heading-title elementor-size-default\">Formulaires et interactivit\u00e9<\/h2>\t\t<\/div>\n\t\t\t\t<\/div>\n\t\t\t\t<div class=\"elementor-element elementor-element-cc9435d elementor-widget elementor-widget-text-editor\" data-id=\"cc9435d\" data-element_type=\"widget\" data-widget_type=\"text-editor.default\">\n\t\t\t\t<div class=\"elementor-widget-container\">\n\t\t\t\t\t\t\t<p style=\"background-color: #ffffff;\"><span style=\"font-size: 17px;\">Vos renseignements personnels sont collect\u00e9s par le biais de:<\/span><\/p>\n<p style=\"background-color: #ffffff;\"><span style=\"font-size: 17px;\">&#8211; Formulaire<\/span><\/p>\n<p style=\"background-color: #ffffff;\"><span style=\"font-size: 17px;\">&#8211; Chargement de documents personnels dans l\u2019espace client&nbsp;<\/span><\/p>\n<p style=\"background-color: #ffffff;\"><span style=\"font-size: 17px;\">Nous utilisons les renseignements ainsi collect\u00e9s pour les finalit\u00e9s suivantes :<\/span><\/p>\n<p style=\"background-color: #ffffff;\"><span style=\"font-size: 17px;\">&#8211; Suivi<\/span><\/p>\n<p style=\"background-color: #ffffff;\"><span style=\"font-size: 17px;\">&#8211; Informations \/ Offres<\/span><\/p>\n<p style=\"background-color: #ffffff;\"><span style=\"font-size: 17px;\">&#8211; Statistiques<\/span><\/p>\n<p style=\"padding-bottom: 1em; background-color: #ffffff;\"><span style=\"font-size: 17px;\">Contact<\/span><\/p>\n<div>&nbsp;<\/div>\t\t\t\t\t\t<\/div>\n\t\t\t\t<\/div>\n\t\t\t\t<div class=\"elementor-element elementor-element-ef3967a elementor-widget elementor-widget-spacer\" data-id=\"ef3967a\" data-element_type=\"widget\" data-widget_type=\"spacer.default\">\n\t\t\t\t<div class=\"elementor-widget-container\">\n\t\t\t\t\t<div class=\"elementor-spacer\">\n\t\t\t<div class=\"elementor-spacer-inner\"><\/div>\n\t\t<\/div>\n\t\t\t\t<\/div>\n\t\t\t\t<\/div>\n\t\t\t\t<div class=\"elementor-element elementor-element-b108348 elementor-widget elementor-widget-heading\" data-id=\"b108348\" data-element_type=\"widget\" data-widget_type=\"heading.default\">\n\t\t\t\t<div class=\"elementor-widget-container\">\n\t\t\t<h2 class=\"elementor-heading-title elementor-size-default\">Google Analytics<\/h2>\t\t<\/div>\n\t\t\t\t<\/div>\n\t\t\t\t<div class=\"elementor-element elementor-element-349ccb4 elementor-widget elementor-widget-text-editor\" data-id=\"349ccb4\" data-element_type=\"widget\" data-widget_type=\"text-editor.default\">\n\t\t\t\t<div class=\"elementor-widget-container\">\n\t\t\t\t\t\t\t<p>Nous recueillons certaines informations par le biais de fichiers journaux (log file) et de fichiers t\u00e9moins (cookies) dans le cadre de l\u2019utilisation de Google Analytics. Il s\u2019agit principalement des informations suivantes :<\/p>\n<p>&#8211; Adresse IP<\/p>\n<p>&#8211; Syst\u00e8me d\u2019exploitation<\/p>\n<p>&#8211; Pages visit\u00e9es et requ\u00eates<\/p>\n<p>&#8211; Heure et jour de connexion<\/p>\n<p>\u00a0<\/p>\n<p>Le recours \u00e0 de tels fichiers nous permet :<\/p>\n<p>&#8211; Am\u00e9lioration du service et accueil personnalis\u00e9<\/p>\n<p>&#8211; Statistique<\/p>\n<p>\u00a0<\/p>\n<p>Ces donn\u00e9es sont conserv\u00e9s pendant 14 mois dans Google Analytics suite \u00e0 nos param\u00e9trages sp\u00e9cifiques.<\/p>\n<p>Les destinataires de ces donn\u00e9es sont l\u2019\u00e9quipe technique de Netheos dans le but d\u2019exploiter ces donn\u00e9es afin d\u2019optimiser l\u2019ergonomie du site web, ainsi que la soci\u00e9t\u00e9 Google dans le cadre de l\u2019utilisation de Google Analytics.<\/p>\n<div>\u00a0<\/div>\t\t\t\t\t\t<\/div>\n\t\t\t\t<\/div>\n\t\t\t\t<div class=\"elementor-element elementor-element-ef82962 elementor-widget elementor-widget-spacer\" data-id=\"ef82962\" data-element_type=\"widget\" data-widget_type=\"spacer.default\">\n\t\t\t\t<div class=\"elementor-widget-container\">\n\t\t\t\t\t<div class=\"elementor-spacer\">\n\t\t\t<div class=\"elementor-spacer-inner\"><\/div>\n\t\t<\/div>\n\t\t\t\t<\/div>\n\t\t\t\t<\/div>\n\t\t\t\t<div class=\"elementor-element elementor-element-108132c elementor-widget elementor-widget-heading\" data-id=\"108132c\" data-element_type=\"widget\" data-widget_type=\"heading.default\">\n\t\t\t\t<div class=\"elementor-widget-container\">\n\t\t\t<h2 class=\"elementor-heading-title elementor-size-default\">Partage des renseignements personnels<\/h2>\t\t<\/div>\n\t\t\t\t<\/div>\n\t\t\t\t<div class=\"elementor-element elementor-element-e8bce53 elementor-widget elementor-widget-text-editor\" data-id=\"e8bce53\" data-element_type=\"widget\" data-widget_type=\"text-editor.default\">\n\t\t\t\t<div class=\"elementor-widget-container\">\n\t\t\t\t\t\t\t<p>Nous nous engageons \u00e0 ne pas commercialiser les renseignements personnels collect\u00e9s. Si vous ne souhaitez pas que vos renseignements personnels soient communiqu\u00e9s \u00e0 des tiers, il vous est possible de vous y opposer au moment de la collecte ou \u00e0 tout moment par la suite, comme mentionn\u00e9 dans la section suivante.<\/p>\n<div>\u00a0<\/div>\t\t\t\t\t\t<\/div>\n\t\t\t\t<\/div>\n\t\t\t\t<div class=\"elementor-element elementor-element-6aeedb1 elementor-widget elementor-widget-spacer\" data-id=\"6aeedb1\" data-element_type=\"widget\" data-widget_type=\"spacer.default\">\n\t\t\t\t<div class=\"elementor-widget-container\">\n\t\t\t\t\t<div class=\"elementor-spacer\">\n\t\t\t<div class=\"elementor-spacer-inner\"><\/div>\n\t\t<\/div>\n\t\t\t\t<\/div>\n\t\t\t\t<\/div>\n\t\t\t\t<div class=\"elementor-element elementor-element-9cb6380 elementor-widget elementor-widget-heading\" data-id=\"9cb6380\" data-element_type=\"widget\" data-widget_type=\"heading.default\">\n\t\t\t\t<div class=\"elementor-widget-container\">\n\t\t\t<h2 class=\"elementor-heading-title elementor-size-default\">Droit d'opposition et de retrait<\/h2>\t\t<\/div>\n\t\t\t\t<\/div>\n\t\t\t\t<div class=\"elementor-element elementor-element-01b38b8 elementor-widget elementor-widget-text-editor\" data-id=\"01b38b8\" data-element_type=\"widget\" data-widget_type=\"text-editor.default\">\n\t\t\t\t<div class=\"elementor-widget-container\">\n\t\t\t\t\t\t\t<p style=\"background-color: #ffffff;\"><span style=\"font-size: 17px;\">Nous nous engageons \u00e0 vous offrir un droit d\u2019opposition et de retrait quant \u00e0 vos renseignements personnels.\u00a0<\/span><span style=\"font-size: 17px; color: var( --e-global-color-text );\">Le droit d\u2019opposition s\u2019entend comme \u00e9tant la possibilit\u00e9 offerte aux internautes de refuser que leurs renseignement\u00a0<\/span><span style=\"font-size: 17px; color: var( --e-global-color-text );\">personnels soient utilis\u00e9es \u00e0 certaines fins mentionn\u00e9es lors de la collecte.<\/span><\/p>\n<p style=\"background-color: #ffffff;\"><span style=\"font-size: 17px;\">Le droit de retrait s\u2019entend comme \u00e9tant la possibilit\u00e9 offerte aux internautes de demander \u00e0 ce que leurs\u00a0<\/span><span style=\"font-size: 17px; color: var( --e-global-color-text );\">renseignements personnels ne figurent plus, par exemple, dans une liste de diffusion.<\/span><\/p>\n<p style=\"background-color: #ffffff;\"><span style=\"font-size: 17px;\">Pour pouvoir exercer ces droits, vous pouvez faire une demande par courriel \u00e0 l\u2019adresse suivante :<\/span><\/p>\n<p style=\"background-color: #ffffff;\"><span style=\"font-size: 17px;\">rgpd@cycle-family.com<\/span><\/p>\n<div>\u00a0<\/div>\t\t\t\t\t\t<\/div>\n\t\t\t\t<\/div>\n\t\t\t\t<div class=\"elementor-element elementor-element-2b9073f elementor-widget elementor-widget-spacer\" data-id=\"2b9073f\" data-element_type=\"widget\" data-widget_type=\"spacer.default\">\n\t\t\t\t<div class=\"elementor-widget-container\">\n\t\t\t\t\t<div class=\"elementor-spacer\">\n\t\t\t<div class=\"elementor-spacer-inner\"><\/div>\n\t\t<\/div>\n\t\t\t\t<\/div>\n\t\t\t\t<\/div>\n\t\t\t\t<div class=\"elementor-element elementor-element-5f3bd94 elementor-widget elementor-widget-heading\" data-id=\"5f3bd94\" data-element_type=\"widget\" data-widget_type=\"heading.default\">\n\t\t\t\t<div class=\"elementor-widget-container\">\n\t\t\t<h2 class=\"elementor-heading-title elementor-size-default\">Droit d'acc\u00e8s<\/h2>\t\t<\/div>\n\t\t\t\t<\/div>\n\t\t\t\t<div class=\"elementor-element elementor-element-203398b elementor-widget elementor-widget-text-editor\" data-id=\"203398b\" data-element_type=\"widget\" data-widget_type=\"text-editor.default\">\n\t\t\t\t<div class=\"elementor-widget-container\">\n\t\t\t\t\t\t\t<p style=\"background-color: #ffffff;\"><span style=\"font-size: 17px;\">Nous nous engageons \u00e0 reconna\u00eetre un droit d\u2019acc\u00e8s et de rectification aux personnes\u00a0<\/span><span style=\"font-size: 17px; color: var( --e-global-color-text );\">concern\u00e9es d\u00e9sireuses de consulter, modifier, voire radier les informations les concernant.<\/span><\/p>\n<p style=\"background-color: #ffffff;\"><span style=\"font-size: 17px;\">L\u2019exercice de ce droit se fera courriel \u00e0 l\u2019adresse suivante :\u00a0<\/span><span style=\"font-size: 17px; color: var( --e-global-color-text );\">rgpd@cycle-family.com\u00a0<\/span><\/p>\n<p style=\"background-color: #ffffff;\"><span style=\"font-size: 17px; color: var( --e-global-color-text );\">Vous pouvez \u00e9galement exercer ce droit par demande depuis le site \u00e0 page contact\u00a0<\/span><\/p>\t\t\t\t\t\t<\/div>\n\t\t\t\t<\/div>\n\t\t\t\t<div class=\"elementor-element elementor-element-bb73e9b elementor-widget elementor-widget-spacer\" data-id=\"bb73e9b\" data-element_type=\"widget\" data-widget_type=\"spacer.default\">\n\t\t\t\t<div class=\"elementor-widget-container\">\n\t\t\t\t\t<div class=\"elementor-spacer\">\n\t\t\t<div class=\"elementor-spacer-inner\"><\/div>\n\t\t<\/div>\n\t\t\t\t<\/div>\n\t\t\t\t<\/div>\n\t\t\t\t<div class=\"elementor-element elementor-element-398c6fc elementor-widget elementor-widget-heading\" data-id=\"398c6fc\" data-element_type=\"widget\" data-widget_type=\"heading.default\">\n\t\t\t\t<div class=\"elementor-widget-container\">\n\t\t\t<h2 class=\"elementor-heading-title elementor-size-default\">S\u00e9curit\u00e9<\/h2>\t\t<\/div>\n\t\t\t\t<\/div>\n\t\t\t\t<div class=\"elementor-element elementor-element-73ba1b6 elementor-widget elementor-widget-text-editor\" data-id=\"73ba1b6\" data-element_type=\"widget\" data-widget_type=\"text-editor.default\">\n\t\t\t\t<div class=\"elementor-widget-container\">\n\t\t\t\t\t\t\t<p style=\"background-color: #ffffff;\"><span style=\"font-size: 17px;\">Les renseignements personnels que nous collectons sont conserv\u00e9s\u00a0<\/span><span style=\"font-size: 17px; color: var( --e-global-color-text );\">dans un environnement s\u00e9curis\u00e9. Les personnes travaillant pour nous sont tenues de respecter la confidentialit\u00e9 de vos informations.<\/span><\/p>\n<p style=\"background-color: #ffffff;\"><span style=\"font-size: 17px;\">Pour assurer la s\u00e9curit\u00e9 de vos renseignements personnels, nous avons recours aux mesures suivantes :<\/span><\/p>\n<p style=\"background-color: #ffffff;\"><span style=\"font-size: 17px;\">&#8211; Protocole SSL (Secure Sockets Layer)<\/span><\/p>\n<p style=\"background-color: #ffffff;\"><span style=\"font-size: 17px; color: var( --e-global-color-text );\">&#8211; Gestion des acc\u00e8s \u2013 personne autoris\u00e9e<\/span><\/p>\n<p style=\"background-color: #ffffff;\"><span style=\"font-size: 17px;\">&#8211; Logiciel de surveillance du r\u00e9seau<\/span><\/p>\n<p style=\"background-color: #ffffff;\"><span style=\"font-size: 17px;\">&#8211; Sauvegarde informatique<\/span><\/p>\n<p style=\"background-color: #ffffff;\"><span style=\"font-size: 17px;\">&#8211; Identifiant \/ mot de passe<\/span><\/p>\n<p style=\"background-color: #ffffff;\"><span style=\"font-size: 17px;\">&#8211; Pare-feu (Firewalls)<\/span><\/p>\n<div>\u00a0<\/div>\t\t\t\t\t\t<\/div>\n\t\t\t\t<\/div>\n\t\t\t\t<div class=\"elementor-element elementor-element-88adf64 elementor-widget elementor-widget-text-editor\" data-id=\"88adf64\" data-element_type=\"widget\" data-widget_type=\"text-editor.default\">\n\t\t\t\t<div class=\"elementor-widget-container\">\n\t\t\t\t\t\t\t<p style=\"background-color: #ffffff;\"><span style=\"font-size: 17px;\">Nous nous engageons \u00e0 maintenir un haut degr\u00e9 de confidentialit\u00e9 en int\u00e9grant les derni\u00e8res innovations technologiques permettant d\u2019assurer<\/span><\/p>\n<p style=\"background-color: #ffffff;\"><span style=\"font-size: 17px;\">la confidentialit\u00e9 de vos transactions. Toutefois, comme aucun m\u00e9canisme n\u2019offre une s\u00e9curit\u00e9 maximale, une part de risque est toujours pr\u00e9sente lorsque l\u2019on utilise Internet pour transmettre des renseignements personnels.<\/span><\/p>\t\t\t\t\t\t<\/div>\n\t\t\t\t<\/div>\n\t\t\t\t<div class=\"elementor-element elementor-element-2258dbb elementor-widget elementor-widget-spacer\" data-id=\"2258dbb\" data-element_type=\"widget\" data-widget_type=\"spacer.default\">\n\t\t\t\t<div class=\"elementor-widget-container\">\n\t\t\t\t\t<div class=\"elementor-spacer\">\n\t\t\t<div class=\"elementor-spacer-inner\"><\/div>\n\t\t<\/div>\n\t\t\t\t<\/div>\n\t\t\t\t<\/div>\n\t\t\t\t<div class=\"elementor-element elementor-element-53848cc elementor-widget elementor-widget-heading\" data-id=\"53848cc\" data-element_type=\"widget\" data-widget_type=\"heading.default\">\n\t\t\t\t<div class=\"elementor-widget-container\">\n\t\t\t<h2 class=\"elementor-heading-title elementor-size-default\">L\u00e9gislation<\/h2>\t\t<\/div>\n\t\t\t\t<\/div>\n\t\t\t\t<div class=\"elementor-element elementor-element-831945a elementor-widget elementor-widget-text-editor\" data-id=\"831945a\" data-element_type=\"widget\" data-widget_type=\"text-editor.default\">\n\t\t\t\t<div class=\"elementor-widget-container\">\n\t\t\t\t\t\t\t<p style=\"background-color: #ffffff;\"><span style=\"font-size: 17px;\">Nous nous engageons \u00e0 respecter les dispositions l\u00e9gislatives \u00e9nonc\u00e9es dans la l\u00e9gislation fran\u00e7aise en mati\u00e8re de protection des renseignements et des donn\u00e9es personnelles conform\u00e9ment aux pr\u00e9rogatives de la CNIL en terme de RGPD.<\/span><\/p>\n<div>\u00a0<\/div>\t\t\t\t\t\t<\/div>\n\t\t\t\t<\/div>\n\t\t\t\t<div class=\"elementor-element elementor-element-82e59f5 elementor-widget elementor-widget-spacer\" data-id=\"82e59f5\" data-element_type=\"widget\" data-widget_type=\"spacer.default\">\n\t\t\t\t<div class=\"elementor-widget-container\">\n\t\t\t\t\t<div class=\"elementor-spacer\">\n\t\t\t<div class=\"elementor-spacer-inner\"><\/div>\n\t\t<\/div>\n\t\t\t\t<\/div>\n\t\t\t\t<\/div>\n\t\t\t\t\t<\/div>\n\t\t\t\t<\/div>\n\t\t\t\t\t\t\t<\/div>\n\t\t","protected":false},"excerpt":{"rendered":"<p>Politique de condidentialit\u00e9 Devant le d\u00e9veloppement des nouveaux outils de communication, il est n\u00e9cessaire de porter une attention particuli\u00e8re \u00e0 la protection de la vie priv\u00e9e. C\u2019est pourquoi, nous nous engageons \u00e0 respecter la confidentialit\u00e9 des renseignements personnels que nous collectons. \u00a0 Collecte des renseignements personnels Cycle-family.com utilise Google Analytics afin d\u2019am\u00e9liorer l\u2019ergonomie et de [&hellip;]<\/p>\n","protected":false},"author":1,"featured_media":0,"parent":0,"menu_order":0,"comment_status":"closed","ping_status":"closed","template":"","meta":{"_et_pb_use_builder":"on","_et_pb_old_content":"","_et_gb_content_width":"","footnotes":""},"class_list":["post-1156","page","type-page","status-publish","hentry"],"_links":{"self":[{"href":"https:\/\/cycle-family.com\/index.php\/wp-json\/wp\/v2\/pages\/1156","targetHints":{"allow":["GET"]}}],"collection":[{"href":"https:\/\/cycle-family.com\/index.php\/wp-json\/wp\/v2\/pages"}],"about":[{"href":"https:\/\/cycle-family.com\/index.php\/wp-json\/wp\/v2\/types\/page"}],"author":[{"embeddable":true,"href":"https:\/\/cycle-family.com\/index.php\/wp-json\/wp\/v2\/users\/1"}],"replies":[{"embeddable":true,"href":"https:\/\/cycle-family.com\/index.php\/wp-json\/wp\/v2\/comments?post=1156"}],"version-history":[{"count":10,"href":"https:\/\/cycle-family.com\/index.php\/wp-json\/wp\/v2\/pages\/1156\/revisions"}],"predecessor-version":[{"id":1367,"href":"https:\/\/cycle-family.com\/index.php\/wp-json\/wp\/v2\/pages\/1156\/revisions\/1367"}],"wp:attachment":[{"href":"https:\/\/cycle-family.com\/index.php\/wp-json\/wp\/v2\/media?parent=1156"}],"curies":[{"name":"wp","href":"https:\/\/api.w.org\/{rel}","templated":true}]}}