{"id":22,"date":"2023-10-09T15:25:50","date_gmt":"2023-10-09T13:25:50","guid":{"rendered":"https:\/\/cycle-family.com\/?page_id=22"},"modified":"2023-12-11T13:26:55","modified_gmt":"2023-12-11T12:26:55","slug":"notre-equipe","status":"publish","type":"page","link":"https:\/\/cycle-family.com\/index.php\/notre-equipe\/","title":{"rendered":"Notre \u00e9quipe"},"content":{"rendered":"\t\t<div data-elementor-type=\"wp-page\" data-elementor-id=\"22\" class=\"elementor elementor-22\" data-elementor-post-type=\"page\">\n\t\t\t\t\t\t\t<div class=\"elementor-element elementor-element-86dca30 e-con-full e-flex e-con e-parent\" data-id=\"86dca30\" data-element_type=\"container\" data-settings=\"{&quot;content_width&quot;:&quot;full&quot;}\" data-core-v316-plus=\"true\">\n\t\t<div class=\"elementor-element elementor-element-940ce64 e-con-full e-flex e-con e-child\" data-id=\"940ce64\" data-element_type=\"container\" data-settings=\"{&quot;content_width&quot;:&quot;full&quot;}\">\n\t\t\t\t<div class=\"elementor-element elementor-element-376962e elementor-widget elementor-widget-spacer\" data-id=\"376962e\" data-element_type=\"widget\" data-widget_type=\"spacer.default\">\n\t\t\t\t<div class=\"elementor-widget-container\">\n\t\t\t<style>\/*! elementor - v3.16.0 - 09-10-2023 *\/\n.elementor-column .elementor-spacer-inner{height:var(--spacer-size)}.e-con{--container-widget-width:100%}.e-con-inner>.elementor-widget-spacer,.e-con>.elementor-widget-spacer{width:var(--container-widget-width,var(--spacer-size));--align-self:var(--container-widget-align-self,initial);--flex-shrink:0}.e-con-inner>.elementor-widget-spacer>.elementor-widget-container,.e-con>.elementor-widget-spacer>.elementor-widget-container{height:100%;width:100%}.e-con-inner>.elementor-widget-spacer>.elementor-widget-container>.elementor-spacer,.e-con>.elementor-widget-spacer>.elementor-widget-container>.elementor-spacer{height:100%}.e-con-inner>.elementor-widget-spacer>.elementor-widget-container>.elementor-spacer>.elementor-spacer-inner,.e-con>.elementor-widget-spacer>.elementor-widget-container>.elementor-spacer>.elementor-spacer-inner{height:var(--container-widget-height,var(--spacer-size))}.e-con-inner>.elementor-widget-spacer.elementor-widget-empty,.e-con>.elementor-widget-spacer.elementor-widget-empty{position:relative;min-height:22px;min-width:22px}.e-con-inner>.elementor-widget-spacer.elementor-widget-empty .elementor-widget-empty-icon,.e-con>.elementor-widget-spacer.elementor-widget-empty .elementor-widget-empty-icon{position:absolute;top:0;bottom:0;left:0;right:0;margin:auto;padding:0;width:22px;height:22px}<\/style>\t\t<div class=\"elementor-spacer\">\n\t\t\t<div class=\"elementor-spacer-inner\"><\/div>\n\t\t<\/div>\n\t\t\t\t<\/div>\n\t\t\t\t<\/div>\n\t\t\t\t<div class=\"elementor-element elementor-element-7268c15 elementor-widget elementor-widget-heading\" data-id=\"7268c15\" data-element_type=\"widget\" data-widget_type=\"heading.default\">\n\t\t\t\t<div class=\"elementor-widget-container\">\n\t\t\t<style>\/*! elementor - v3.16.0 - 09-10-2023 *\/\n.elementor-heading-title{padding:0;margin:0;line-height:1}.elementor-widget-heading .elementor-heading-title[class*=elementor-size-]>a{color:inherit;font-size:inherit;line-height:inherit}.elementor-widget-heading .elementor-heading-title.elementor-size-small{font-size:15px}.elementor-widget-heading .elementor-heading-title.elementor-size-medium{font-size:19px}.elementor-widget-heading .elementor-heading-title.elementor-size-large{font-size:29px}.elementor-widget-heading .elementor-heading-title.elementor-size-xl{font-size:39px}.elementor-widget-heading .elementor-heading-title.elementor-size-xxl{font-size:59px}<\/style><h2 class=\"elementor-heading-title elementor-size-default\">Des valeurs <b>humaines<\/b><\/h2>\t\t<\/div>\n\t\t\t\t<\/div>\n\t\t\t\t<div class=\"elementor-element elementor-element-33b1a21 elementor-widget elementor-widget-spacer\" data-id=\"33b1a21\" data-element_type=\"widget\" data-widget_type=\"spacer.default\">\n\t\t\t\t<div class=\"elementor-widget-container\">\n\t\t\t\t\t<div class=\"elementor-spacer\">\n\t\t\t<div class=\"elementor-spacer-inner\"><\/div>\n\t\t<\/div>\n\t\t\t\t<\/div>\n\t\t\t\t<\/div>\n\t\t\t\t<div class=\"elementor-element elementor-element-d89316a elementor-widget elementor-widget-text-editor\" data-id=\"d89316a\" data-element_type=\"widget\" data-widget_type=\"text-editor.default\">\n\t\t\t\t<div class=\"elementor-widget-container\">\n\t\t\t<style>\/*! elementor - v3.16.0 - 09-10-2023 *\/\n.elementor-widget-text-editor.elementor-drop-cap-view-stacked .elementor-drop-cap{background-color:#69727d;color:#fff}.elementor-widget-text-editor.elementor-drop-cap-view-framed .elementor-drop-cap{color:#69727d;border:3px solid;background-color:transparent}.elementor-widget-text-editor:not(.elementor-drop-cap-view-default) .elementor-drop-cap{margin-top:8px}.elementor-widget-text-editor:not(.elementor-drop-cap-view-default) .elementor-drop-cap-letter{width:1em;height:1em}.elementor-widget-text-editor .elementor-drop-cap{float:left;text-align:center;line-height:1;font-size:50px}.elementor-widget-text-editor .elementor-drop-cap-letter{display:inline-block}<\/style>\t\t\t\t<p><span style=\"white-space-collapse: preserve;\">Collaboration d&rsquo;\u00e9quipe, un imp\u00e9ratif en affaires. <\/span><\/p>\t\t\t\t\t\t<\/div>\n\t\t\t\t<\/div>\n\t\t\t\t<div class=\"elementor-element elementor-element-8364281 elementor-widget elementor-widget-spacer\" data-id=\"8364281\" data-element_type=\"widget\" data-widget_type=\"spacer.default\">\n\t\t\t\t<div class=\"elementor-widget-container\">\n\t\t\t\t\t<div class=\"elementor-spacer\">\n\t\t\t<div class=\"elementor-spacer-inner\"><\/div>\n\t\t<\/div>\n\t\t\t\t<\/div>\n\t\t\t\t<\/div>\n\t\t\t\t<\/div>\n\t\t<div class=\"elementor-element elementor-element-2cda347 e-con-full e-flex e-con e-child\" data-id=\"2cda347\" data-element_type=\"container\" data-settings=\"{&quot;content_width&quot;:&quot;full&quot;}\">\n\t\t\t\t<div class=\"elementor-element elementor-element-a16a484 elementor-widget elementor-widget-image\" data-id=\"a16a484\" data-element_type=\"widget\" data-widget_type=\"image.default\">\n\t\t\t\t<div class=\"elementor-widget-container\">\n\t\t\t<style>\/*! elementor - v3.16.0 - 09-10-2023 *\/\n.elementor-widget-image{text-align:center}.elementor-widget-image a{display:inline-block}.elementor-widget-image a img[src$=\".svg\"]{width:48px}.elementor-widget-image img{vertical-align:middle;display:inline-block}<\/style>\t\t\t\t\t\t\t\t\t\t\t\t<img loading=\"lazy\" decoding=\"async\" width=\"1024\" height=\"817\" src=\"https:\/\/cycle-family.com\/wp-content\/uploads\/2023\/10\/Animation-Logotype-FINAL.gif\" class=\"attachment-large size-large wp-image-452\" alt=\"\" \/>\t\t\t\t\t\t\t\t\t\t\t\t\t\t\t<\/div>\n\t\t\t\t<\/div>\n\t\t\t\t<\/div>\n\t\t\t\t<\/div>\n\t\t<div class=\"elementor-element elementor-element-08cfa03 e-flex e-con-boxed e-con e-parent\" data-id=\"08cfa03\" data-element_type=\"container\" data-settings=\"{&quot;background_background&quot;:&quot;classic&quot;,&quot;content_width&quot;:&quot;boxed&quot;}\" data-core-v316-plus=\"true\">\n\t\t\t\t\t<div class=\"e-con-inner\">\n\t\t\t\t<div class=\"elementor-element elementor-element-37e36f3 elementor-widget elementor-widget-spacer\" data-id=\"37e36f3\" data-element_type=\"widget\" data-widget_type=\"spacer.default\">\n\t\t\t\t<div class=\"elementor-widget-container\">\n\t\t\t\t\t<div class=\"elementor-spacer\">\n\t\t\t<div class=\"elementor-spacer-inner\"><\/div>\n\t\t<\/div>\n\t\t\t\t<\/div>\n\t\t\t\t<\/div>\n\t\t<div class=\"elementor-element elementor-element-3193a70 e-flex e-con-boxed e-con e-child\" data-id=\"3193a70\" data-element_type=\"container\" data-settings=\"{&quot;background_background&quot;:&quot;classic&quot;,&quot;content_width&quot;:&quot;boxed&quot;}\">\n\t\t\t\t\t<div class=\"e-con-inner\">\n\t\t<div class=\"elementor-element elementor-element-523801b e-con-full e-flex e-con e-child\" data-id=\"523801b\" data-element_type=\"container\" data-settings=\"{&quot;content_width&quot;:&quot;full&quot;}\">\n\t\t\t\t<div class=\"elementor-element elementor-element-d674376 elementor-widget elementor-widget-heading\" data-id=\"d674376\" data-element_type=\"widget\" data-widget_type=\"heading.default\">\n\t\t\t\t<div class=\"elementor-widget-container\">\n\t\t\t<h2 class=\"elementor-heading-title elementor-size-default\">\u201c<\/h2>\t\t<\/div>\n\t\t\t\t<\/div>\n\t\t\t\t<\/div>\n\t\t<div class=\"elementor-element elementor-element-dae3f4b e-con-full e-flex e-con e-child\" data-id=\"dae3f4b\" data-element_type=\"container\" data-settings=\"{&quot;content_width&quot;:&quot;full&quot;}\">\n\t\t\t\t<div class=\"elementor-element elementor-element-d68731b elementor-widget elementor-widget-heading\" data-id=\"d68731b\" data-element_type=\"widget\" data-widget_type=\"heading.default\">\n\t\t\t\t<div class=\"elementor-widget-container\">\n\t\t\t<h2 class=\"elementor-heading-title elementor-size-default\">Au sein de notre \u00e9quipe, la fusion d'un engagement in\u00e9branlable, d'une expertise approfondie et d'une collaboration transparente nous pousse \u00e0 obtenir des r\u00e9sultats exceptionnels et \u00e0 ouvrir de nouvelles perspectives d'excellence.<\/h2>\t\t<\/div>\n\t\t\t\t<\/div>\n\t\t\t\t<div class=\"elementor-element elementor-element-c3397cc elementor-widget elementor-widget-spacer\" data-id=\"c3397cc\" data-element_type=\"widget\" data-widget_type=\"spacer.default\">\n\t\t\t\t<div class=\"elementor-widget-container\">\n\t\t\t\t\t<div class=\"elementor-spacer\">\n\t\t\t<div class=\"elementor-spacer-inner\"><\/div>\n\t\t<\/div>\n\t\t\t\t<\/div>\n\t\t\t\t<\/div>\n\t\t\t\t<\/div>\n\t\t<div class=\"elementor-element elementor-element-2773752 e-con-full e-flex e-con e-child\" data-id=\"2773752\" data-element_type=\"container\" data-settings=\"{&quot;content_width&quot;:&quot;full&quot;}\">\n\t\t\t\t<div class=\"elementor-element elementor-element-8360a8c elementor-widget elementor-widget-heading\" data-id=\"8360a8c\" data-element_type=\"widget\" data-widget_type=\"heading.default\">\n\t\t\t\t<div class=\"elementor-widget-container\">\n\t\t\t<h2 class=\"elementor-heading-title elementor-size-default\">\u201c<\/h2>\t\t<\/div>\n\t\t\t\t<\/div>\n\t\t\t\t<\/div>\n\t\t\t\t\t<\/div>\n\t\t\t\t<\/div>\n\t\t\t\t\t<\/div>\n\t\t\t\t<\/div>\n\t\t<div class=\"elementor-element elementor-element-5224808 e-flex e-con-boxed e-con e-parent\" data-id=\"5224808\" data-element_type=\"container\" data-settings=\"{&quot;background_background&quot;:&quot;classic&quot;,&quot;content_width&quot;:&quot;boxed&quot;}\" data-core-v316-plus=\"true\">\n\t\t\t\t\t<div class=\"e-con-inner\">\n\t\t\t\t<div class=\"elementor-element elementor-element-e62d321 elementor-widget elementor-widget-spacer\" data-id=\"e62d321\" data-element_type=\"widget\" data-widget_type=\"spacer.default\">\n\t\t\t\t<div class=\"elementor-widget-container\">\n\t\t\t\t\t<div class=\"elementor-spacer\">\n\t\t\t<div class=\"elementor-spacer-inner\"><\/div>\n\t\t<\/div>\n\t\t\t\t<\/div>\n\t\t\t\t<\/div>\n\t\t\t\t\t<\/div>\n\t\t\t\t<\/div>\n\t\t<div class=\"elementor-element elementor-element-889ab79 e-flex e-con-boxed e-con e-parent\" data-id=\"889ab79\" data-element_type=\"container\" data-settings=\"{&quot;background_background&quot;:&quot;classic&quot;,&quot;content_width&quot;:&quot;boxed&quot;}\" data-core-v316-plus=\"true\">\n\t\t\t\t\t<div class=\"e-con-inner\">\n\t\t\t\t<div class=\"elementor-element elementor-element-656e2ce elementor-widget elementor-widget-heading\" data-id=\"656e2ce\" data-element_type=\"widget\" data-widget_type=\"heading.default\">\n\t\t\t\t<div class=\"elementor-widget-container\">\n\t\t\t<h2 class=\"elementor-heading-title elementor-size-default\">La cl\u00e9 de notre \u00e9quipe professionnelle : <br>pr\u00e9cision, ma\u00eetrise, et un engagement<\/h2>\t\t<\/div>\n\t\t\t\t<\/div>\n\t\t\t\t\t<\/div>\n\t\t\t\t<\/div>\n\t\t<div class=\"elementor-element elementor-element-88e1b6f e-flex e-con-boxed e-con e-parent\" data-id=\"88e1b6f\" data-element_type=\"container\" data-settings=\"{&quot;background_background&quot;:&quot;classic&quot;,&quot;content_width&quot;:&quot;boxed&quot;}\" data-core-v316-plus=\"true\">\n\t\t\t\t\t<div class=\"e-con-inner\">\n\t\t<div class=\"elementor-element elementor-element-d85569d e-con-full e-flex e-con e-child\" data-id=\"d85569d\" data-element_type=\"container\" data-settings=\"{&quot;content_width&quot;:&quot;full&quot;}\">\n\t\t\t\t<div class=\"elementor-element elementor-element-db433d0 elementor-widget elementor-widget-spacer\" data-id=\"db433d0\" data-element_type=\"widget\" data-widget_type=\"spacer.default\">\n\t\t\t\t<div class=\"elementor-widget-container\">\n\t\t\t\t\t<div class=\"elementor-spacer\">\n\t\t\t<div class=\"elementor-spacer-inner\"><\/div>\n\t\t<\/div>\n\t\t\t\t<\/div>\n\t\t\t\t<\/div>\n\t\t\t\t<div class=\"elementor-element elementor-element-1b2219d elementor-widget elementor-widget-heading\" data-id=\"1b2219d\" data-element_type=\"widget\" data-widget_type=\"heading.default\">\n\t\t\t\t<div class=\"elementor-widget-container\">\n\t\t\t<h2 class=\"elementor-heading-title elementor-size-default\">associ\u00e9 \/ fondateur<\/h2>\t\t<\/div>\n\t\t\t\t<\/div>\n\t\t\t\t<div class=\"elementor-element elementor-element-d1d5b81 elementor-widget elementor-widget-fancy-elementor-flipbox\" data-id=\"d1d5b81\" data-element_type=\"widget\" data-widget_type=\"fancy-elementor-flipbox.default\">\n\t\t\t\t<div class=\"elementor-widget-container\">\n\t\t\t<div id=\"flip-demo-0\" class=\"tp-flipbox zoomin-box-style tp-flipbox--\" onclick=\"\">    <div class=\"tp-flipbox__holder\" >        <div class=\"tp-flipbox__front\" style=\" background-color:#FFFFFF;background-image: url();\">            <div class=\"tp-flipbox__content\">                <div class=\"tp-flipbox__icon-front\">                    <img decoding=\"async\" alt=\"\" title=\"1580005808430\" src=\"http:\/\/cycle-family.com\/wp-content\/uploads\/2023\/10\/1580005808430.jpg\"\/>                <\/div>                <div class=\"tp-flipbox__title-front\">Edouard Peri\u00e9<\/div>                <div class=\"tp-flipbox__desc-front\">Pr\u00e9sident<\/div>            <\/div>        <\/div>        <div class=\"tp-flipbox__back\" style=\"background-image: url();\" >            <div class=\"tp-flipbox__content\">                <div class=\"tp-flipbox__icon-back\">                    <img decoding=\"async\" alt=\"\" title=\"Notre \u00e9quipe\"  src=\"\"\/>                <\/div>                <div class=\"tp-flipbox__title-back\">Edouard Peri\u00e9<\/div>                <div class=\"tp-flipbox__desc-back\"><\/div>                <\/div>            <\/div>        <\/div>    <\/div>\t\t<\/div>\n\t\t\t\t<\/div>\n\t\t\t\t<\/div>\n\t\t<div class=\"elementor-element elementor-element-5c43169 e-con-full e-flex e-con e-child\" data-id=\"5c43169\" data-element_type=\"container\" data-settings=\"{&quot;content_width&quot;:&quot;full&quot;}\">\n\t\t\t\t<div class=\"elementor-element elementor-element-92d1b29 elementor-widget elementor-widget-spacer\" data-id=\"92d1b29\" data-element_type=\"widget\" data-widget_type=\"spacer.default\">\n\t\t\t\t<div class=\"elementor-widget-container\">\n\t\t\t\t\t<div class=\"elementor-spacer\">\n\t\t\t<div class=\"elementor-spacer-inner\"><\/div>\n\t\t<\/div>\n\t\t\t\t<\/div>\n\t\t\t\t<\/div>\n\t\t\t\t<div class=\"elementor-element elementor-element-cd9ac76 elementor-widget elementor-widget-heading\" data-id=\"cd9ac76\" data-element_type=\"widget\" data-widget_type=\"heading.default\">\n\t\t\t\t<div class=\"elementor-widget-container\">\n\t\t\t<h2 class=\"elementor-heading-title elementor-size-default\">associ\u00e9 \/ fondateur<\/h2>\t\t<\/div>\n\t\t\t\t<\/div>\n\t\t\t\t<div class=\"elementor-element elementor-element-00474de elementor-widget elementor-widget-fancy-elementor-flipbox\" data-id=\"00474de\" data-element_type=\"widget\" data-widget_type=\"fancy-elementor-flipbox.default\">\n\t\t\t\t<div class=\"elementor-widget-container\">\n\t\t\t<div id=\"flip-demo-0\" class=\"tp-flipbox zoomin-box-style tp-flipbox--\" onclick=\"\">    <div class=\"tp-flipbox__holder\" >        <div class=\"tp-flipbox__front\" style=\" background-color:#FFFFFF;background-image: url();\">            <div class=\"tp-flipbox__content\">                <div class=\"tp-flipbox__icon-front\">                    <img decoding=\"async\" alt=\"\" title=\"ML\" src=\"http:\/\/cycle-family.com\/wp-content\/uploads\/2023\/10\/ML.png\"\/>                <\/div>                <div class=\"tp-flipbox__title-front\">Mehdi Legroune<\/div>                <div class=\"tp-flipbox__desc-front\">Directeur g\u00e9n\u00e9ral<\/div>            <\/div>        <\/div>        <div class=\"tp-flipbox__back\" style=\"background-image: url();\" >            <div class=\"tp-flipbox__content\">                <div class=\"tp-flipbox__icon-back\">                    <img decoding=\"async\" alt=\"\" title=\"Notre \u00e9quipe\"  src=\"\"\/>                <\/div>                <div class=\"tp-flipbox__title-back\">Mehdi LEGROUNE<\/div>                <div class=\"tp-flipbox__desc-back\">La premi\u00e8re qualit\u00e9 d\u2019un dirigeant, c\u2019est celui d\u2019avoir du courage.\nLe courage de prendre une d\u00e9cision, qu\u2019elle soit bonne ou mauvaise<\/div>                <\/div>            <\/div>        <\/div>    <\/div>\t\t<\/div>\n\t\t\t\t<\/div>\n\t\t\t\t<\/div>\n\t\t<div class=\"elementor-element elementor-element-1ad0613 e-con-full e-flex e-con e-child\" data-id=\"1ad0613\" data-element_type=\"container\" data-settings=\"{&quot;content_width&quot;:&quot;full&quot;}\">\n\t\t\t\t<div class=\"elementor-element elementor-element-b66f2ed elementor-widget elementor-widget-spacer\" data-id=\"b66f2ed\" data-element_type=\"widget\" data-widget_type=\"spacer.default\">\n\t\t\t\t<div class=\"elementor-widget-container\">\n\t\t\t\t\t<div class=\"elementor-spacer\">\n\t\t\t<div class=\"elementor-spacer-inner\"><\/div>\n\t\t<\/div>\n\t\t\t\t<\/div>\n\t\t\t\t<\/div>\n\t\t\t\t<div class=\"elementor-element elementor-element-66a8827 elementor-widget elementor-widget-heading\" data-id=\"66a8827\" data-element_type=\"widget\" data-widget_type=\"heading.default\">\n\t\t\t\t<div class=\"elementor-widget-container\">\n\t\t\t<h2 class=\"elementor-heading-title elementor-size-default\">partenaire privil\u00e9gi\u00e9<\/h2>\t\t<\/div>\n\t\t\t\t<\/div>\n\t\t\t\t<div class=\"elementor-element elementor-element-425f7ec elementor-widget elementor-widget-fancy-elementor-flipbox\" data-id=\"425f7ec\" data-element_type=\"widget\" data-widget_type=\"fancy-elementor-flipbox.default\">\n\t\t\t\t<div class=\"elementor-widget-container\">\n\t\t\t<div id=\"flip-demo-0\" class=\"tp-flipbox zoomin-box-style tp-flipbox--\" onclick=\"\">    <div class=\"tp-flipbox__holder\" >        <div class=\"tp-flipbox__front\" style=\" background-color:#FFFFFF;background-image: url();\">            <div class=\"tp-flipbox__content\">                <div class=\"tp-flipbox__icon-front\">                    <img decoding=\"async\" alt=\"\" title=\"1571236020427\" src=\"http:\/\/cycle-family.com\/wp-content\/uploads\/2023\/10\/1571236020427.jpg\"\/>                <\/div>                <div class=\"tp-flipbox__title-front\">S\u00e9verine Aclocque<\/div>                <div class=\"tp-flipbox__desc-front\">Avocate d'affaires<\/div>            <\/div>        <\/div>        <div class=\"tp-flipbox__back\" style=\"background-image: url();\" >            <div class=\"tp-flipbox__content\">                <div class=\"tp-flipbox__icon-back\">                    <img decoding=\"async\" alt=\"\" title=\"Notre \u00e9quipe\"  src=\"\"\/>                <\/div>                <div class=\"tp-flipbox__title-back\">S\u00e9verine Aclocque<\/div>                <div class=\"tp-flipbox__desc-back\">.<\/div>                <\/div>            <\/div>        <\/div>    <\/div>\t\t<\/div>\n\t\t\t\t<\/div>\n\t\t\t\t<\/div>\n\t\t\t\t\t<\/div>\n\t\t\t\t<\/div>\n\t\t<div class=\"elementor-element elementor-element-d48beda e-flex e-con-boxed e-con e-parent\" data-id=\"d48beda\" data-element_type=\"container\" data-settings=\"{&quot;background_background&quot;:&quot;classic&quot;,&quot;content_width&quot;:&quot;boxed&quot;}\" data-core-v316-plus=\"true\">\n\t\t\t\t\t<div class=\"e-con-inner\">\n\t\t\t\t<div class=\"elementor-element elementor-element-a63ea98 elementor-widget elementor-widget-spacer\" data-id=\"a63ea98\" data-element_type=\"widget\" data-widget_type=\"spacer.default\">\n\t\t\t\t<div class=\"elementor-widget-container\">\n\t\t\t\t\t<div class=\"elementor-spacer\">\n\t\t\t<div class=\"elementor-spacer-inner\"><\/div>\n\t\t<\/div>\n\t\t\t\t<\/div>\n\t\t\t\t<\/div>\n\t\t\t\t\t<\/div>\n\t\t\t\t<\/div>\n\t\t\t\t\t\t\t<\/div>\n\t\t","protected":false},"excerpt":{"rendered":"<p>Des valeurs humaines Collaboration d&rsquo;\u00e9quipe, un imp\u00e9ratif en affaires. \u201c Au sein de notre \u00e9quipe, la fusion d&rsquo;un engagement in\u00e9branlable, d&rsquo;une expertise approfondie et d&rsquo;une collaboration transparente nous pousse \u00e0 obtenir des r\u00e9sultats exceptionnels et \u00e0 ouvrir de nouvelles perspectives d&rsquo;excellence. \u201c La cl\u00e9 de notre \u00e9quipe professionnelle : pr\u00e9cision, ma\u00eetrise, et un engagement associ\u00e9 [&hellip;]<\/p>\n","protected":false},"author":1,"featured_media":0,"parent":0,"menu_order":0,"comment_status":"closed","ping_status":"closed","template":"","meta":{"_et_pb_use_builder":"on","_et_pb_old_content":"","_et_gb_content_width":"","footnotes":""},"class_list":["post-22","page","type-page","status-publish","hentry"],"_links":{"self":[{"href":"https:\/\/cycle-family.com\/index.php\/wp-json\/wp\/v2\/pages\/22","targetHints":{"allow":["GET"]}}],"collection":[{"href":"https:\/\/cycle-family.com\/index.php\/wp-json\/wp\/v2\/pages"}],"about":[{"href":"https:\/\/cycle-family.com\/index.php\/wp-json\/wp\/v2\/types\/page"}],"author":[{"embeddable":true,"href":"https:\/\/cycle-family.com\/index.php\/wp-json\/wp\/v2\/users\/1"}],"replies":[{"embeddable":true,"href":"https:\/\/cycle-family.com\/index.php\/wp-json\/wp\/v2\/comments?post=22"}],"version-history":[{"count":181,"href":"https:\/\/cycle-family.com\/index.php\/wp-json\/wp\/v2\/pages\/22\/revisions"}],"predecessor-version":[{"id":2443,"href":"https:\/\/cycle-family.com\/index.php\/wp-json\/wp\/v2\/pages\/22\/revisions\/2443"}],"wp:attachment":[{"href":"https:\/\/cycle-family.com\/index.php\/wp-json\/wp\/v2\/media?parent=22"}],"curies":[{"name":"wp","href":"https:\/\/api.w.org\/{rel}","templated":true}]}}